- 5*v. What is the tens digit of (v/3)/((-16)/(-24))?
7
Let h(v) = 5*v**3 - 4*v**2 + 4*v - 1. Let b be h(3). Suppose d - 25 = 2*s, 4*d + s - b = -s. Let i = d - -2. What is the tens digit of i?
2
Let b = -221 + 566. Let n = 629 - b. What is the hundreds digit of n?
2
Let q(n) = 87*n**2 - 58*n + 233. What is the hundreds digit of q(5)?
1
Let q(z) = -z**3 + 3*z**2 + 4*z - 12. Let o be q(3). Suppose o = 6*j - j - 2295. What is the tens digit of j?
5
Suppose -3*h + 18489 = 4*z, 13853 = -13*z + 16*z + 5*h. What is the tens digit of z?
2
Let i(m) = 608*m - 1958. What is the hundreds digit of i(12)?
3
Let s(f) = f**2 + 4*f + 6. Let g be s(-4). Let h(j) = 5*j + 22. Let b(a) = 6*a + 21. Let y(c) = 4*b(c) - 3*h(c). What is the units digit of y(g)?
2
Let a(u) = 332*u**2 - 13*u - 10. What is the units digit of a(-2)?
4
Let s be ((-105)/(-10))/((-21)/14). Let f(v) = 10*v**2 - 14*v - 12. What is the units digit of f(s)?
6
Suppose 3*a = -a - 8. Let y be 97/(-2)*(-2 + a + 2). What is the units digit of (0 - (2 + -1)) + y?
6
Suppose -1136025 - 1040840 = -269*u - 408190. What is the thousands digit of u?
6
Suppose -2 = -r, 71*u + 97655 = 74*u - 5*r. What is the thousands digit of u?
2
Let g = 17905 + 11185. What is the ten thousands digit of g?
2
Suppose -3*w + 44*n = 48*n + 40, -n - 1 = 0. What is the units digit of (42504/(-36))/(w/18)?
1
Let r(c) = -c**3 + 25 + 38*c - 57 + 27*c + 25*c**2. What is the hundreds digit of r(27)?
2
Let l(h) = -1. Let j(x) = -32*x + 8. Let p(v) = -j(v) - 6*l(v). Suppose 3*z - 5*z + 6 = 0. What is the tens digit of p(z)?
9
Let r(f) = 9*f**3 - 6*f**2 + 2*f + 5. Let z(b) = b - 29. Let u be z(33). What is the units digit of r(u)?
3
Suppose 2*n - 47 - 1 = 0. Suppose 7*s - 11*s = -n. What is the tens digit of (68/s)/(1/6)?
6
Let g be (6/(-18))/(4/(-12)). Let w be (-4*g)/(9/(-108)). Suppose 3*i = -f + 57, 0 = -3*i - 0*i - 4*f + w. What is the units digit of i?
0
What is the ten thousands digit of 0 - -27023 - (88 - 18)/10?
2
Let o be (-3)/(-18) + 10961*2/12. Let v = o + -1277. What is the hundreds digit of v?
5
What is the ten thousands digit of (-5)/(-4) - (-30 + 1539874/(-56))?
2
Let i(g) = 5*g**2 - 193*g - 6. Let j be i(49). Let s = 4212 - j. What is the hundreds digit of s?
6
Let l(k) = -k - 12. Let s be l(0). Let o = s + 16. What is the units digit of (4/o)/(1/61)?
1
Let l = 68 + -68. Suppose 2*d - 937 = -v, -4*d = -l*v - 5*v + 4685. What is the units digit of v?
7
Let j = 41 - 43. Let p be (-6)/j + (-111 + 4 - 4). Let h = -22 - p. What is the tens digit of h?
8
Let u(y) = 3*y**2 + 3*y + 15. Let s be u(-2). Suppose -2*k = 6, 3*f - 5*k - 183 = s. What is the units digit of f?
3
Suppose -16*h = 3*i - 14*h - 30222, -3*i - h = -30222. What is the tens digit of i?
7
Suppose -5*c + 367 = 2*h, 4*c = 5*h - 7*h + 296. Let m = -113 - -223. Let j = m - c. What is the units digit of j?
9
Let v(z) = -2*z**3 + 4*z**2 - 2*z + 4. Let g be v(-4). Let y(m) = 75*m**2 - 13*m - 2. Let u be y(1). Let l = g - u. What is the units digit of l?
4
Suppose -68*z = -71*z + 2043. What is the tens digit of z?
8
Let h = 68144 + -45014. What is the tens digit of h?
3
Suppose 0*t = -4*t - 10*t. Suppose t = 3*d - 915 + 126. What is the tens digit of d?
6
Suppose -27538 = 24*y - 79978. Suppose 0 = -5*o - w + y, -w - 13 = -8. What is the hundreds digit of o?
4
Suppose n + 1449 = 5*l - 36, n + l + 1473 = 0. Let p = 2454 + n. What is the tens digit of p?
7
Let b(j) = -1568*j - 1672. What is the units digit of b(-10)?
8
Let s be 2*(-50)/4 - (1 - 2). Let p(y) = y**2 - 104. What is the units digit of p(s)?
2
Suppose 25*z = 5*y + 23*z - 93631, 5*z = 5*y - 93640. What is the thousands digit of y?
8
Let w = -651 + 1268. Suppose 3*q + 0*z - w = -z, -q + 199 = 2*z. What is the tens digit of q?
0
Let o(i) = i**2 + 63*i - 93. What is the tens digit of o(10)?
3
Let z(j) = 260*j**2 - 65*j - 36. What is the units digit of z(-10)?
4
Let z = 366 + -365. What is the units digit of z/(143/(-22)) + 6749/13?
9
Let r(d) = d**2 - 23*d + 42. Let m be r(21). Let i(g) = g**2 - 2*g - 131. Let z be i(m). Let c = z - -228. What is the units digit of c?
7
Suppose -69169 - 32378 = -27*o. What is the hundreds digit of o?
7
Let i be 12/(-8)*(-558)/(-27). Suppose 92 = -2*s + 2*k, 3*k - 50 = s - 2*k. Let o = i - s. What is the tens digit of o?
1
Suppose -3*v + 7 - 1 = 0. Suppose v*p + b + 14 = 3*b, -2*b - 26 = 2*p. What is the units digit of (-8)/p + 533/65?
9
Suppose -2*j - 14*j + 112 = 0. Suppose -3520 = -j*t - 811. What is the hundreds digit of t?
3
Let x = 27639 - 10748. What is the units digit of x?
1
Let p = 37 - 39. Let t be ((-1)/2)/(p/3)*12. Let r(z) = -4*z + 49. What is the units digit of r(t)?
3
Let j = -438 + 434. What is the units digit of (1 + (-22)/6)*6/j?
4
What is the units digit of ((-1699447)/(-148) - (-2)/8) + 3?
6
Let t(z) = 4*z**3 - 5*z**2 + 2*z + 15. Let m be t(7). Suppose 3*a + 2*j = m, -1890 = -5*a - 2*j + 6*j. What is the units digit of a?
2
Suppose -63*p = -34*p. Let k = -10 - -7. What is the units digit of (p - k)/((-2)/(-50))?
5
What is the ten thousands digit of (((-42748)/14)/(-2 + 143/77))/2?
1
What is the ten thousands digit of ((-234)/(-130))/((-1)/(-19340))?
3
Suppose 4*q + 153 = 5*u - 79, 2*u - 82 = -2*q. Let x = 56 - u. What is the units digit of 3/(-2)*(-680)/x?
5
Suppose 3*r = -30*s + 29*s + 5434, -s = -r - 5450. What is the thousands digit of s?
5
Suppose -3*s + 48990 = 3*i, 48418 = 4*i - 4*s - 16966. What is the thousands digit of i?
6
Suppose -4*s - 25 = -t + 3, 3*s = -5*t + 48. Let u be 126 + 0 - t/(-6). Let f = u - 38. What is the units digit of f?
0
Let x(r) = 183*r**2 - r + 1. Suppose 5*h + 5*f = 20, 5*f - 2 + 0 = 4*h. Let c(v) = -v**3 + 3*v**2 - 2*v + 1. Let m be c(h). What is the units digit of x(m)?
3
Let t = -9 - -23. Suppose t*j - 5127 = -1599. What is the hundreds digit of j?
2
Let a = 1438 + -2676. Let u = a - -2786. What is the tens digit of u?
4
Suppose 0 = 5*c - g + 4*g - 25, -3*g = 0. Suppose -c*b = 25*b - 10350. What is the hundreds digit of b?
3
Suppose -4*i - 25 = -5*f, 4*f + 13 = -5*i - 8. What is the units digit of (46 - 0)/(i/(-155))?
6
Let f(y) = y + 41*y**2 + 26 - 23 - 2. What is the units digit of f(-2)?
3
Suppose -738*r + 2282 = -745*r. Let d = r - -1017. What is the tens digit of d?
9
Suppose 2*o - 116816 = 2*n, 4*o - 233620 = -10*n + 12*n. What is the ten thousands digit of o?
5
Let l(a) = a**3 - 9*a**2 - 8*a - 14. Let g be l(10). Let k(m) = 8*m - 27. What is the units digit of k(g)?
1
Let p = 31569 + -2877. What is the thousands digit of p?
8
Suppose 147*w + 5*w - 23275 = 19*w. Suppose -4*x + 3*s - 88 - 40 = 0, 4*x + 2*s = -148. Let y = w + x. What is the units digit of y?
0
Suppose 7 = 14*p - 63. Suppose 0 = -3*u + y + 2573, p*u - 4*y + 698 - 4984 = 0. What is the units digit of u?
8
Suppose -34*f = -39*f + 140. Let d(x) = 16*x + 157. What is the tens digit of d(f)?
0
Suppose 5*b = -5*u + 125045 + 4690, -25951 = -u - 3*b. What is the ten thousands digit of u?
2
Let r be (-2 + 3 - -118) + -1. Let z = r + -31. Let p = z - 58. What is the units digit of p?
9
Let h(k) = k - 21. Let c be h(-5). Let v = c + 26. Suppose -793 = -4*p + 5*z, 4*p - 778 = -v*z + 2*z. What is the units digit of p?
2
Suppose -27 = -2*k - 63. Let m = 16 - k. Suppose -3*z + 280 = m. What is the units digit of z?
2
Suppose 4*y - 2*k = 17564, 5*k = -5*y + 27971 - 6001. Suppose -2*t = 22*t - y. What is the hundreds digit of t?
1
Let h(u) = -112*u**3 + 4*u**2 + 9*u + 20. What is the tens digit of h(-5)?
7
Let y = -588 - -829. Suppose -8*h + y = -4343. What is the hundreds digit of h?
5
Suppose -4 = 4*k - 0*k + 5*m, 0 = k - m - 8. Let d be (704/2)/k - (-2 + 1). Suppose -335 = -4*h + d. What is the hundreds digit of h?
1
Let o = -27 + 32. Suppose 2*d + 26 = 5*s, o*s - 35 = 2*d + 3*d. Suppose 181 = s*t + 41. What is the tens digit of t?
3
Let l(f) = -97 - 244*f + 27 - 30. What is the units digit of l(-2)?
8
Let c(i) = i**3 + 5*i**2 - 11*i - 3. Let z be (2624/96)/(2/3). Suppose z*r = 40*r - 6. What is the tens digit of c(r)?
2
Let l(u) = 2*u**2 - 20*u - 3. Let z be l(11). Let j(m) = 9*m**2 - 113*m + 22. What is the units digit of j(z)?
4
Suppose 4*p - 765 = -3409. Let c = p - -1167. What is the units digit of c?
6
Let a(c) = 9*c + 11. Let b be a(-1). What is the hundre